late j(f).
-21
Let x(b) = 77*b - 14. Let q(y) = 180*y - 29. Let c(f) = 3*q(f) - 7*x(f). Suppose 4*m + 14 = -2*k, -4*k - 3 - 30 = 3*m. Give c(k).
2
Let t be 0 - 3 - (-15)/(-9)*-3. Let r(d) = 14*d - 7 + 5*d + 3*d**3 - 4*d - 2*d**3 - 12*d**t. Give r(11).
37
Let x(o) = 37*o**3 + 1979*o**2 + 41*o**3 - 32*o - 2007*o**2 - 83 - 79*o**3. Calculate x(-27).
52
Let c(w) = -27 + 46*w + 23*w - 98*w + 24*w. Determine c(-3).
-12
Let u = -359 + 359. Let p(z) = -6*z**2 + 3 + 6*z**2 + u*z - z**2 + 0 - z. Let r = 1 - 1. Determine p(r).
3
Let p(o) = 3*o - 36. Suppose 0 = s - 4*g - 11, s - 30*g + 25*g = 10. Give p(s).
9
Let d be (17/(-51) - (-4)/3)*-7. Let j = 107 + -103. Let s(m) = 7 - 7*m - 14 - j*m**2 + 3*m**2. Give s(d).
-7
Let d(f) be the second derivative of -f**5/20 - 7*f**4/12 - f**3/2 - 5*f**2/2 - 5*f. Suppose -148*p + 147*p = 7. Determine d(p).
16
Let a(c) = -c**3 + 11*c**2 - 40*c + 612. Let o be a(12). Let x(p) = -p**3 - 7*p**2 + 63*p + 28. Determine x(o).
-8
Let v(j) = -3*j**2 + 3. Suppose 39*m + 72 = -6. Calculate v(m).
-9
Let v(d) = 1. Let h(g) = -g**3 - 7*g**2 - 2*g + 1. Let i(c) = -h(c) + 4*v(c). Calculate i(-6).
27
Let v(k) be the third derivative of k**6/120 - 19*k**5/60 + k**4/24 - 7*k**3/2 - 34*k**2 + 13*k. What is v(19)?
-2
Let z(i) be the third derivative of -1/4*i**5 + 14 - 5/3*i**3 + 2*i**2 - 5/8*i**4 + 0*i - 1/120*i**6. Give z(-14).
4
Suppose 5*i - 2*c = -15 - 7, c = 3*i + 13. Let q(l) be the third derivative of 0*l + 0 - 5/6*l**3 + 17*l**2 - 1/6*l**4. What is q(i)?
11
Let s(z) = -z**3 - 9*z**2 - z - 3. Let m be -15*(-42)/(-280)*4. Give s(m).
6
Let p(b) = b**2 - b - 1. Let q(g) = -g**3 - 32*g**2 + 5*g + 22. Let s(f) = 4*p(f) + q(f). Give s(-28).
-10
Suppose -4*x - g - 31 = 0, -7*x + 11*g = 15*g + 61. Let c(j) = 4*j**2 + 27*j - 8. Give c(x).
-1
Let r = 546 + -546. Suppose 18*a - 23*a + 55 = 5*j, -2*a + 5*j + 15 = r. Let n(y) = 4*y - 12. What is n(a)?
28
Let m(v) be the second derivative of 0 - 1/5*v**5 + 214*v + 1/12*v**4 + 1/2*v**2 + 1/2*v**3. What is m(-1)?
3
Let b(v) = -v**2 + 5*v + 25. Suppose -d = z, -2*d - 21 = -184*z + 189*z. What is b(z)?
-59
Suppose 363 + 21 = -16*q. Let a(p) = -p**2 - 20*p + 49. Give a(q).
-47
Let p(i) = -i**2 + 8*i - 9. Suppose 0 = -4*d + 3*d - 5*m + 19, -3*m = -d - 5. Let j(h) = 5*h + 17. Let o be j(d). Let g = o + -30. What is p(g)?
-2
Let y(g) = 173 - 143 - 116*g + 92*g + 155 + 174. Determine y(15).
-1
Let d(c) be the first derivative of 3*c - 2*c**2 + 1/4*c**4 - 4 + 0*c**3. What is d(3)?
18
Let l = 123 + -109. Suppose -l*k + 8 = -34. Let t(x) = -x**2 + 3*x + 1. Give t(k).
1
Let o(r) = 9*r**3 + 11*r**2 - 2*r - 38. Let j(p) = 8*p**3 + 11*p**2 - p - 36. Let a(v) = -8*j(v) + 7*o(v). Determine a(-10).
-18
Let l(i) = 4*i**2 + 766*i - i**3 - 766*i. Let n be (-13)/(-4) - (-21 + 31)/40. What is l(n)?
9
Suppose a = 5*z + 4*a + 1, -8 = z - 2*a. Let r be (4/(-10))/(z/(-10)). Let p(s) be the first derivative of -2*s**2 - 3*s - 369. Give p(r).
5
Let q(w) = -w**2 - 7*w + 9. Suppose 0 = -x, 0 = -k + 4*x - 7*x. Let l be (k/4 - -2) + -11. Give q(l).
-9
Let w(q) = -2*q + 3. Suppose 15 - 42 = -3*h. Let c be (10 + -22)/(h/(-24)). Let i be c/10 - (96/30 - 3). Give w(i).
-3
Suppose 3 = 9*l - 15. Let v = -32 - -35. Let n(h) = 12*h + 7*h - 24*h + 4 - 3*h**l + h**v. Calculate n(4).
0
Let w(o) = -95*o**2 + 46*o**2 - o**3 + 2 + 3*o + 44*o**2 - 6*o + 2*o + 2*o. Suppose 3*v = -5*k, 2*v + k = 2*k - 13. Determine w(v).
-3
Let x(s) = -404*s + 14. Let o(r) = -485*r + 17. Let i(q) = 5*o(q) - 6*x(q). Let z be 5 - (3 - 4/2). What is i(z)?
-3
Suppose 8 = -6*q - 16. Let f be (-11)/((-22)/(-12)) - q. Let r(p) be the third derivative of p**5/20 - p**4/24 - p**3/3 + 8*p**2. Give r(f).
12
Let s(f) be the first derivative of -f**3/3 - f**2 + 3*f + 2. Suppose 1487*n - 3 = 1486*n - 1. What is s(n)?
-5
Let l(t) = -11*t**2 - 152*t - 61. Let j(d) = 4*d**2 + 60*d + 20. Let f(c) = 8*j(c) + 3*l(c). What is f(23)?
0
Let b(a) = 74*a - 5. Let w(o) = 233*o - 15. Let j(u) = -19*b(u) + 6*w(u). What is j(2)?
-11
Suppose 0 = 5*p - 2*d - 170, -6*p + d + 165 = -p. Let v(w) = -2 + 1 - p*w - 4 + 33*w. Determine v(5).
0
Let j(k) = 295 + 10*k + 289 - 25*k - 561 + 18*k. Calculate j(12).
59
Suppose -4*d + 1 + 9 = 2*w, d - 5*w - 8 = 0. Let m(x) = 0 - 3 + 2*x**2 - d - 25*x**2 + 12*x**2 + x**3 + 10*x. Give m(10).
-6
Let k(v) = -v**3 + 3*v**2 + 5*v + 4. Let z = 2391 - 2393. Calculate k(z).
14
Let s(z) = -8*z**2 + 2*z - 1. Let i(q) = -q**2 - 16*q - 27. Let y be 1*6*(-13 - (0 + -3)). Let b = y + 46. Let d be i(b). Calculate s(d).
-7
Let m(g) = -3 - 2*g + 3*g + 3. Suppose 59*s - 30 = 44*s. Determine m(s).
2
Let q(u) = 2*u**2 + u + 2. Let c(k) = k**3 + 6*k**2 - 53*k + 24. Let v be c(-11). Let b be (3 - v/(-4))*90/105. Determine q(b).
23
Let d = -9548 + 9539. Let k(x) = -2*x**2 - 26*x - 51. Determine k(d).
21
Let w(c) = c**3 + 6*c**2 + 1. Suppose 10*h - 5*h + 1764 = -4*u, -1759 = 5*h - u. Let p = -358 - h. Calculate w(p).
1
Suppose -2*c + 5*p = -3, 5*c - 18 = 9*p - 7*p. Suppose -29 = -c*l - 5*a, -2*l + 7*l = 2*a + 61. Let i(t) = t + 1. Determine i(l).
12
Let f(y) = -9*y - 2. Let s be f(-1). Suppose 3*p - 16 = -4. Suppose 0 = p*g - 5*g + s. Let u(r) = -2*r + 9. Give u(g).
-5
Let o(t) = -5*t + t - 12*t**2 + 12*t**2 - 3*t**2 + t**3 + 2 - 5. Give o(5).
27
Let u(s) be the second derivative of -59*s**3/6 + 4*s**2 + 7679*s. What is u(0)?
8
Let i(n) = 2*n - 35. Let w(f) = 8*f - 113. Let g(a) = -10*i(a) + 3*w(a). Give g(-5).
-9
Let i = 775 + -772. Let t(p) = p. Let c(q) = q**2 - 3*q - 4. Let n(b) = c(b) + 4*t(b). Give n(i).
8
Let h(d) = -d - 2*d**2 - 32 + d**2 + 37. Let w be (0*(-4)/(-40))/(0 + -2). Give h(w).
5
Let x(v) be the second derivative of -1/4*v**4 - 1/2*v**2 + 26*v + 1/20*v**5 + 2 + 1/3*v**3. What is x(1)?
-1
Let i(t) = 4*t + 56. Let p be i(-14). Let f be 8 + (-1 - -3) + (-2)/2. Let u(c) = c**2 + 4 - f - 2*c**2 + 2. Calculate u(p).
-3
Let m be -12 + 10 - (21/14 - 4). Let g(v) be the first derivative of -26 - m*v**2 - v. Calculate g(-7).
6
Let h(z) = 2 + z + 1 + 2. Let s be 0*(18/24)/((-45)/(-30)). Give h(s).
5
Let q(u) = 3*u**2 + 1. Let r be q(-1). Let i(t) = 12*t**2 + 22*t - 2. Let j be i(-2). Let z(a) = 12 + a + r - j*a. Determine z(0).
16
Let c(m) = m**2 - 15*m - 1. Let r be ((-3312)/2070)/(0 + (-1)/10). What is c(r)?
15
Let r(c) = c**3 + 32*c**2 - 67*c + 36. Let p be (150 - 31)*(-9)/(126/4). Calculate r(p).
2
Let c(f) = -34*f**2 + 0*f - 668 - 4*f + 50*f**2 - 32*f**2 + 664. Give c(-1).
-16
Let b(o) be the second derivative of 7*o**3/6 + o**2/2 + 84*o. Let t be 5/(-3) + ((-4)/12 - 0). Calculate b(t).
-13
Let v(k) = 22*k + 5. Let u = 3877 - 3882. What is v(u)?
-105
Let c(w) = -w**3 + 2*w**2 - w - 4. Let f(u) = 55*u + 55. Let o be f(-1). Let l be c(o). Let m(x) = x + 1. Calculate m(l).
-3
Let u(h) = -h**3 - 10*h**2 + 11*h - 4. Let s be 84/56*(-8)/6. Let w be s/(-1) - (8 - -5). Give u(w).
-4
Let d(f) = -3*f - 2. Let t(j) = -19*j - 13. Let w(l) = 6*d(l) - t(l). Let x = 16 - 10. What is w(x)?
7
Let l(i) = -21*i + 1. Let b be (-4)/((-303)/60 + 25/5). Suppose 8*n = -b + 88. Give l(n).
-20
Let z(p) be the first derivative of -p**2 + 39*p - 60. Let x be z(19). Let f(o) = 22*o**2 - o + 1. What is f(x)?
22
Let i(o) be the second derivative of -o**5/20 - 5*o**4/6 + o**3 - 6*o**2 - 1322*o. Give i(-11).
43
Let v(b) be the first derivative of -136 - 1/4*b**4 - 3*b**3 - 3*b**2 - 11*b. Determine v(-9).
43
Let z(i) = -i**2 + 12*i + 13. Let v(g) = -g**2 + 10*g + 15. Let m(b) = 9*v(b) - 8*z(b). Determine m(-9).
4
Let n be (233/(-3))/((-28)/6 - -5). Let x = n - -229. Let v(y) = 0*y - y + 2*y - 3. Calculate v(x).
-7
Let s(u) be the third derivative of -3*u**5/20 + 15*u**4/8 - u**3/3 + 13*u**2 + 2*u - 169. Determine s(5).
-2
Let r(d) = -3*d**2 + 11*d**2 - 7*d - 5*d**2 - 6 - 4*d**2. Calculate r(-9).
-24
Let v(n) = -2*n**2 + 6*n + 28. Let b = 2 + 10. Suppose b + 9 = -7*z. Let q be v(z). Let m(j) = -2*j - 12. What is m(q)?
4
Let a(o) = -18*o + 16. Let f(h) be the second derivative of 4*h**3/3 - 7*h**2/2 + 28*h. Let d(w) = 2*a(w) + 5*f(w). Determine d(2).
5
Let a(g) = 855 + 2*g**2 - 28*g**2 - 858 + 19*g**2 - 2*g. What is a(-2)?
-27
Let m(k) = -5*k - 66. Let l(v) = -v - 13. Let d(s) = 10*s - 178. Let q be d(18). Let u(r) = q*m(r) - 11*l(r). What is u(5)?
16
Let r(h) = -73*h + 93*h - 11*h - 5 - 12*h. Dete